[INFO] cloning repository https://github.com/Ophois47/Daves-NES-Emulator
[INFO] running `Command { std: "git" "-c" "credential.helper=" "-c" "credential.helper=/workspace/cargo-home/bin/git-credential-null" "clone" "--bare" "https://github.com/Ophois47/Daves-NES-Emulator" "/workspace/cache/git-repos/https%3A%2F%2Fgithub.com%2FOphois47%2FDaves-NES-Emulator", kill_on_drop: false }`
[INFO] [stderr] Cloning into bare repository '/workspace/cache/git-repos/https%3A%2F%2Fgithub.com%2FOphois47%2FDaves-NES-Emulator'...
[INFO] running `Command { std: "git" "rev-parse" "HEAD", kill_on_drop: false }`
[INFO] [stdout] a12ddf2f6f02877f20b40a3d170fbc836aaecaa7
[INFO] building Ophois47/Daves-NES-Emulator against master#ff34b919075f35a1787659e9c448a34b06bab8de for issue-85264
[INFO] running `Command { std: "git" "clone" "/workspace/cache/git-repos/https%3A%2F%2Fgithub.com%2FOphois47%2FDaves-NES-Emulator" "/workspace/builds/worker-12/source", kill_on_drop: false }`
[INFO] [stderr] Cloning into '/workspace/builds/worker-12/source'...
[INFO] [stderr] done.
[INFO] validating manifest of git repo https://github.com/Ophois47/Daves-NES-Emulator on toolchain ff34b919075f35a1787659e9c448a34b06bab8de
[INFO] running `Command { std: "/workspace/cargo-home/bin/cargo" "+ff34b919075f35a1787659e9c448a34b06bab8de" "metadata" "--manifest-path" "Cargo.toml" "--no-deps", kill_on_drop: false }`
[INFO] started tweaking git repo https://github.com/Ophois47/Daves-NES-Emulator
[INFO] finished tweaking git repo https://github.com/Ophois47/Daves-NES-Emulator
[INFO] tweaked toml for git repo https://github.com/Ophois47/Daves-NES-Emulator written to /workspace/builds/worker-12/source/Cargo.toml
[INFO] crate git repo https://github.com/Ophois47/Daves-NES-Emulator already has a lockfile, it will not be regenerated
[INFO] running `Command { std: "/workspace/cargo-home/bin/cargo" "+ff34b919075f35a1787659e9c448a34b06bab8de" "fetch" "--manifest-path" "Cargo.toml", kill_on_drop: false }`
[INFO] running `Command { std: "docker" "create" "-v" "/var/lib/crater-agent-workspace/builds/worker-12/target:/opt/rustwide/target:rw,Z" "-v" "/var/lib/crater-agent-workspace/builds/worker-12/source:/opt/rustwide/workdir:ro,Z" "-v" "/var/lib/crater-agent-workspace/cargo-home:/opt/rustwide/cargo-home:ro,Z" "-v" "/var/lib/crater-agent-workspace/rustup-home:/opt/rustwide/rustup-home:ro,Z" "-e" "SOURCE_DIR=/opt/rustwide/workdir" "-e" "CARGO_TARGET_DIR=/opt/rustwide/target" "-e" "CARGO_HOME=/opt/rustwide/cargo-home" "-e" "RUSTUP_HOME=/opt/rustwide/rustup-home" "-w" "/opt/rustwide/workdir" "-m" "1610612736" "--user" "0:0" "--network" "none" "ghcr.io/rust-lang/crates-build-env/linux@sha256:20528e8c29e4536546f0102ce88568b16ea7538393a33fcca951030f7af10457" "/opt/rustwide/cargo-home/bin/cargo" "+ff34b919075f35a1787659e9c448a34b06bab8de" "metadata" "--no-deps" "--format-version=1", kill_on_drop: false }`
[INFO] [stdout] db6ea01c0aeb85c3169f3146c985b6df18ce36afedbe985b552c673fc2c27594
[INFO] [stderr] WARNING: Your kernel does not support swap limit capabilities or the cgroup is not mounted. Memory limited without swap.
[INFO] running `Command { std: "docker" "start" "-a" "db6ea01c0aeb85c3169f3146c985b6df18ce36afedbe985b552c673fc2c27594", kill_on_drop: false }`
[INFO] running `Command { std: "docker" "inspect" "db6ea01c0aeb85c3169f3146c985b6df18ce36afedbe985b552c673fc2c27594", kill_on_drop: false }`
[INFO] running `Command { std: "docker" "rm" "-f" "db6ea01c0aeb85c3169f3146c985b6df18ce36afedbe985b552c673fc2c27594", kill_on_drop: false }`
[INFO] [stdout] db6ea01c0aeb85c3169f3146c985b6df18ce36afedbe985b552c673fc2c27594
[INFO] running `Command { std: "docker" "create" "-v" "/var/lib/crater-agent-workspace/builds/worker-12/target:/opt/rustwide/target:rw,Z" "-v" "/var/lib/crater-agent-workspace/builds/worker-12/source:/opt/rustwide/workdir:ro,Z" "-v" "/var/lib/crater-agent-workspace/cargo-home:/opt/rustwide/cargo-home:ro,Z" "-v" "/var/lib/crater-agent-workspace/rustup-home:/opt/rustwide/rustup-home:ro,Z" "-e" "SOURCE_DIR=/opt/rustwide/workdir" "-e" "CARGO_TARGET_DIR=/opt/rustwide/target" "-e" "CARGO_INCREMENTAL=0" "-e" "RUST_BACKTRACE=full" "-e" "RUSTFLAGS=--cap-lints=forbid" "-e" "CARGO_HOME=/opt/rustwide/cargo-home" "-e" "RUSTUP_HOME=/opt/rustwide/rustup-home" "-w" "/opt/rustwide/workdir" "-m" "1610612736" "--user" "0:0" "--network" "none" "ghcr.io/rust-lang/crates-build-env/linux@sha256:20528e8c29e4536546f0102ce88568b16ea7538393a33fcca951030f7af10457" "/opt/rustwide/cargo-home/bin/cargo" "+ff34b919075f35a1787659e9c448a34b06bab8de" "build" "--frozen" "--message-format=json", kill_on_drop: false }`
[INFO] [stdout] 1a990ccce7f82767bceaec2745c55e31b77df59a0138608244d4135c528ae8e9
[INFO] [stderr] WARNING: Your kernel does not support swap limit capabilities or the cgroup is not mounted. Memory limited without swap.
[INFO] running `Command { std: "docker" "start" "-a" "1a990ccce7f82767bceaec2745c55e31b77df59a0138608244d4135c528ae8e9", kill_on_drop: false }`
[INFO] [stderr]    Compiling cfg-if v0.1.10
[INFO] [stderr]    Compiling libc v0.2.79
[INFO] [stderr]    Compiling getrandom v0.1.15
[INFO] [stderr]    Compiling version-compare v0.0.10
[INFO] [stderr]    Compiling bitflags v1.2.1
[INFO] [stderr]    Compiling ppv-lite86 v0.2.9
[INFO] [stderr]    Compiling sdl2 v0.34.3
[INFO] [stderr]    Compiling lazy_static v1.4.0
[INFO] [stderr]    Compiling sdl2-sys v0.34.3
[INFO] [stderr]    Compiling rand_core v0.5.1
[INFO] [stderr]    Compiling rand_chacha v0.2.2
[INFO] [stderr]    Compiling rand v0.7.3
[INFO] [stderr]    Compiling daves_nes_emulator v0.1.0 (/opt/rustwide/workdir)
[INFO] [stderr]     Finished dev [unoptimized + debuginfo] target(s) in 10.13s
[INFO] running `Command { std: "docker" "inspect" "1a990ccce7f82767bceaec2745c55e31b77df59a0138608244d4135c528ae8e9", kill_on_drop: false }`
[INFO] running `Command { std: "docker" "rm" "-f" "1a990ccce7f82767bceaec2745c55e31b77df59a0138608244d4135c528ae8e9", kill_on_drop: false }`
[INFO] [stdout] 1a990ccce7f82767bceaec2745c55e31b77df59a0138608244d4135c528ae8e9
[INFO] running `Command { std: "docker" "create" "-v" "/var/lib/crater-agent-workspace/builds/worker-12/target:/opt/rustwide/target:rw,Z" "-v" "/var/lib/crater-agent-workspace/builds/worker-12/source:/opt/rustwide/workdir:ro,Z" "-v" "/var/lib/crater-agent-workspace/cargo-home:/opt/rustwide/cargo-home:ro,Z" "-v" "/var/lib/crater-agent-workspace/rustup-home:/opt/rustwide/rustup-home:ro,Z" "-e" "SOURCE_DIR=/opt/rustwide/workdir" "-e" "CARGO_TARGET_DIR=/opt/rustwide/target" "-e" "CARGO_INCREMENTAL=0" "-e" "RUST_BACKTRACE=full" "-e" "RUSTFLAGS=--cap-lints=forbid" "-e" "CARGO_HOME=/opt/rustwide/cargo-home" "-e" "RUSTUP_HOME=/opt/rustwide/rustup-home" "-w" "/opt/rustwide/workdir" "-m" "1610612736" "--user" "0:0" "--network" "none" "ghcr.io/rust-lang/crates-build-env/linux@sha256:20528e8c29e4536546f0102ce88568b16ea7538393a33fcca951030f7af10457" "/opt/rustwide/cargo-home/bin/cargo" "+ff34b919075f35a1787659e9c448a34b06bab8de" "test" "--frozen" "--no-run" "--message-format=json", kill_on_drop: false }`
[INFO] [stderr] WARNING: Your kernel does not support swap limit capabilities or the cgroup is not mounted. Memory limited without swap.
[INFO] [stdout] 1d6386540cc41024e5440dd67d5a9769ba0d8f1ef000dfaa0ad3feca92515abd
[INFO] running `Command { std: "docker" "start" "-a" "1d6386540cc41024e5440dd67d5a9769ba0d8f1ef000dfaa0ad3feca92515abd", kill_on_drop: false }`
[INFO] [stderr]     Blocking waiting for file lock on package cache
[INFO] [stderr]    Compiling daves_nes_emulator v0.1.0 (/opt/rustwide/workdir)
[INFO] [stdout] error[E0593]: closure is expected to take 2 arguments, but it takes 1 argument
[INFO] [stdout]     --> src/cpu.rs:1128:19
[INFO] [stdout]      |
[INFO] [stdout] 1128 |         let bus = Bus::new(test::test_rom(), |ppu: &NesPPU| {});
[INFO] [stdout]      |                   ^^^^^^^^                   -------------- takes 1 argument
[INFO] [stdout]      |                   |
[INFO] [stdout]      |                   expected closure that takes 2 arguments
[INFO] [stdout] 
[INFO] [stdout] 
[INFO] [stdout] error[E0593]: closure is expected to take 2 arguments, but it takes 1 argument
[INFO] [stdout]     --> src/cpu.rs:1139:19
[INFO] [stdout]      |
[INFO] [stdout] 1139 |         let bus = Bus::new(test::test_rom(), |ppu: &NesPPU| {});
[INFO] [stdout]      |                   ^^^^^^^^                   -------------- takes 1 argument
[INFO] [stdout]      |                   |
[INFO] [stdout]      |                   expected closure that takes 2 arguments
[INFO] [stdout] 
[INFO] [stdout] 
[INFO] [stdout] error[E0593]: closure is expected to take 2 arguments, but it takes 1 argument
[INFO] [stdout]     --> src/cpu.rs:1149:19
[INFO] [stdout]      |
[INFO] [stdout] 1149 |         let bus = Bus::new(test::test_rom(), |ppu: &NesPPU| {});
[INFO] [stdout]      |                   ^^^^^^^^                   -------------- takes 1 argument
[INFO] [stdout]      |                   |
[INFO] [stdout]      |                   expected closure that takes 2 arguments
[INFO] [stdout] 
[INFO] [stdout] 
[INFO] [stdout] error[E0593]: closure is expected to take 2 arguments, but it takes 1 argument
[INFO] [stdout]     --> src/cpu.rs:1158:19
[INFO] [stdout]      |
[INFO] [stdout] 1158 |         let bus = Bus::new(test::test_rom(), |ppu: &NesPPU| {});
[INFO] [stdout]      |                   ^^^^^^^^                   -------------- takes 1 argument
[INFO] [stdout]      |                   |
[INFO] [stdout]      |                   expected closure that takes 2 arguments
[INFO] [stdout] 
[INFO] [stdout] 
[INFO] [stdout] error[E0593]: closure is expected to take 2 arguments, but it takes 1 argument
[INFO] [stdout]     --> src/cpu.rs:1168:19
[INFO] [stdout]      |
[INFO] [stdout] 1168 |         let bus = Bus::new(test::test_rom(), |ppu: &NesPPU| {});
[INFO] [stdout]      |                   ^^^^^^^^                   -------------- takes 1 argument
[INFO] [stdout]      |                   |
[INFO] [stdout]      |                   expected closure that takes 2 arguments
[INFO] [stdout] 
[INFO] [stdout] 
[INFO] [stdout] error: aborting due to 5 previous errors
[INFO] [stdout] 
[INFO] [stdout] 
[INFO] [stdout] For more information about this error, try `rustc --explain E0593`.
[INFO] [stdout] 
[INFO] [stderr] error: could not compile `daves_nes_emulator`
[INFO] [stderr] 
[INFO] [stderr] To learn more, run the command again with --verbose.
[INFO] running `Command { std: "docker" "inspect" "1d6386540cc41024e5440dd67d5a9769ba0d8f1ef000dfaa0ad3feca92515abd", kill_on_drop: false }`
[INFO] running `Command { std: "docker" "rm" "-f" "1d6386540cc41024e5440dd67d5a9769ba0d8f1ef000dfaa0ad3feca92515abd", kill_on_drop: false }`
[INFO] [stdout] 1d6386540cc41024e5440dd67d5a9769ba0d8f1ef000dfaa0ad3feca92515abd
